git of 147175?
1
What is the thousands digit of 14312?
4
What is the thousands digit of 138356?
8
What is the tens digit of 5756?
5
What is the tens digit of 8388?
8
What is the units digit of 1107?
7
What is the hundreds digit of 27089?
0
What is the thousands digit of 13639?
3
What is the thousands digit of 44663?
4
What is the ten thousands digit of 130763?
3
What is the thousands digit of 18978?
8
What is the units digit of 9495?
5
What is the thousands digit of 99527?
9
What is the units digit of 20076?
6
What is the thousands digit of 40616?
0
What is the thousands digit of 4062?
4
What is the thousands digit of 1703?
1
What is the thousands digit of 1459?
1
What is the units digit of 1123?
3
What is the hundreds digit of 4780?
7
What is the hundreds digit of 9353?
3
What is the units digit of 392?
2
What is the tens digit of 566?
6
What is the ten thousands digit of 47807?
4
What is the units digit of 30267?
7
What is the tens digit of 1107?
0
What is the hundreds digit of 976?
9
What is the hundreds digit of 3492?
4
What is the thousands digit of 2195?
2
What is the units digit of 81500?
0
What is the units digit of 3832?
2
What is the tens digit of 5127?
2
What is the units digit of 334?
4
What is the ten thousands digit of 29429?
2
What is the tens digit of 55464?
6
What is the hundreds digit of 11000?
0
What is the ten thousands digit of 84439?
8
What is the thousands digit of 2179?
2
What is the hundreds digit of 4114?
1
What is the thousands digit of 92784?
2
What is the ten thousands digit of 16313?
1
What is the hundreds digit of 16561?
5
What is the tens digit of 14033?
3
What is the hundreds digit of 659?
6
What is the hundreds digit of 28092?
0
What is the units digit of 120?
0
What is the hundreds digit of 12080?
0
What is the hundreds digit of 497?
4
What is the thousands digit of 5422?
5
What is the units digit of 16047?
7
What is the units digit of 1084?
4
What is the ten thousands digit of 161590?
6
What is the thousands digit of 2347?
2
What is the tens digit of 3767?
6
What is the tens digit of 7226?
2
What is the tens digit of 50215?
1
What is the tens digit of 740?
4
What is the thousands digit of 1230?
1
What is the units digit of 8898?
8
What is the hundreds digit of 1037?
0
What is the units digit of 21573?
3
What is the tens digit of 5832?
3
What is the tens digit of 26355?
5
What is the hundreds digit of 37410?
4
What is the tens digit of 960?
6
What is the units digit of 5415?
5
What is the tens digit of 549?
4
What is the units digit of 531?
1
What is the units digit of 4580?
0
What is the thousands digit of 13922?
3
What is the thousands digit of 12885?
2
What is the thousands digit of 3216?
3
What is the tens digit of 18271?
7
What is the tens digit of 1873?
7
What is the units digit of 9025?
5
What is the hundreds digit of 2275?
2
What is the units digit of 421?
1
What is the units digit of 13675?
5
What is the tens digit of 1342?
4
What is the units digit of 11665?
5
What is the hundreds digit of 22021?
0
What is the units digit of 2918?
8
What is the ten thousands digit of 86694?
8
What is the hundreds digit of 3458?
4
What is the thousands digit of 3731?
3
What is the tens digit of 519?
1
What is the thousands digit of 1267?
1
What is the ten thousands digit of 66661?
6
What is the units digit of 213?
3
What is the thousands digit of 2451?
2
What is the hundreds digit of 384?
3
What is the thousands digit of 52776?
2
What is the tens digit of 13126?
2
What is the ten thousands digit of 92330?
9
What is the units digit of 556?
6
What is the tens digit of 75933?
3
What is the thousands digit of 55238?
5
What is the thousands digit of 1359?
1
What is the tens digit of 4469?
6
What is the tens digit of 182?
8
What is the units digit of 3689?
9
What is the tens digit of 3950?
5
What is the units digit of 706?
6
What is the tens digit of 938?
3
What is the hundreds digit of 124869?
8
What is the units digit of 6162?
2
What is the hundreds digit of 8592?
5
What is the units digit of 3953?
3
What is the tens digit of 441?
4
What is the thousands digit of 5860?
5
What is the tens digit of 7151?
5
What is the tens digit of 1248?
4
What is the units digit of 30251?
1
What is the thousands digit of 76908?
6
What is the units digit of 43737?
7
What is the thousands digit of 3422?
3
What is the tens digit of 8832?
3
What is the tens digit of 24987?
8
What is the hundreds digit of 394?
3
What is the units digit of 5104?
4
What is the hundreds digit of 3516?
5
What is the thousands digit of 3995?
3
What is the thousands digit of 4627?
4
What is the hundreds digit of 1184?
1
What is the hundreds digit of 5655?
6
What is the hundreds digit of 3165?
1
What is the tens digit of 94151?
5
What is the hundreds digit of 330?
3
What is the hundreds digit of 1533?
5
What is the units digit of 2757?
7
What is the hundreds digit of 3265?
2
What is the thousands digit of 2157?
2
What is the units digit of 5280?
0
What is the hundreds digit of 1998?
9
What is the thousands digit of 3840?
3
What is the tens digit of 11527?
2
What is the ten thousands digit of 46593?
4
What is the ten thousands digit of 16370?
1
What is the hundreds digit of 404?
4
What is the thousands digit of 3384?
3
What is the tens digit of 39236?
3
What is the tens digit of 885?
8
What is the tens digit of 276?
7
What is the tens digit of 2445?
4
What is the units digit of 17449?
9
What is the ten thousands digit of 72942?
7
What is the units digit of 2017?
7
What is the tens digit of 6198?
9
What is the hundreds digit of 19326?
3
What is the tens digit of 637?
3
What is the hundreds digit of 5388?
3
What is the tens digit of 162659?
5
What is the thousands digit of 4439?
4
What is the units digit of 156797?
7
What is the tens digit of 3147?
4
What is the thousands digit of 79140?
9
What is the ten thousands digit of 57230?
5
What is the thousands digit of 6652?
6
What is the units digit of 790?
0
What is the hundreds digit of 4218?
2
What is the hundreds digit of 24180?
1
What is the hundreds digit of 1442?
4
What is the units digit of 1105?
5
What is the units digit of 3671?
1
What is the units digit of 2409?
9
What is the hundreds digit of 3446?
4
What is the units digit of 24485?
5
What is the thousands digit of 5904?
5
What is the units digit of 514?
4
What is the ten thousands digit of 67122?
6
What is the tens digit of 322?
2
What is the hundreds digit of 3257?
2
What is the hundreds digit of 5917?
9
What is the ten thousands digit of 44521?
4
What is the thousands digit of 41277?
1
What is the tens digit of 1467?
6
What is the tens digit of 3658?
5
What is the units digit of 188?
8
What is the ten thousands digit of 68846?
6
What is the tens digit of 1971?
7
What is the hundreds digit of 982?
9
What is the units digit of 561?
1
What is the thousands digit of 62145?
2
What is the ten thousands digit of 27989?
2
What is the thousands digit of 12110?
2
What is the hundreds digit of 1043?
0
What is the tens digit of 682?
8
What is the ten thousands digit of 14018?
1
What is the thousands digit of 4013?
4
What is the thousands digit of 49157?
9
What is the tens digit of 11070?
7
What is the units digit of 59789?
9
What is the hundreds digit of 66513?
5
What is the units digit of 19532?
2
What is the tens digit of 8159?
5
What is the hundreds digit of 500?
5
What is the tens digit of 15806?
0
What is the hundreds digit of 733?
7
What is the tens digit of 4591?
9
What is the tens digit of 807?
0
What is the thousands digit of 3057?
3
What is the hundreds digit of 2789?
7
What is the hundreds digit of 2832?
8
What is the units digit of 69732?
2
What is the tens digit of 653?
5
What is the thousands digit of 1108?
1
What is the hundreds digit of 2897?
8
What is the thousands digit of 2923?
2
What is the thousands digit of 28832?
8
What is the units digit of 1731?
1
What is the units digit of 142?
2
What is the thousands digit of 23056?
3
What is the ten thousands digit of 20729?
2
What is the units digit of 161722?
2
What is the tens digit of 1372?
7
What is the hundreds digit of 36061?
0
What is the tens digit of 7809?
0
What is the hundreds digit of 64101?
1
What is the tens digit of 695?
9
What is the ten thousands digit of 54136?
5
What is the units digit